{"id":72048,"date":"2015-10-07T17:11:24","date_gmt":"2015-10-07T17:11:24","guid":{"rendered":"http:\/\/kunden.moewe.io\/pasodoble\/?page_id=72048&#038;lang=einfach"},"modified":"2025-11-14T14:43:39","modified_gmt":"2025-11-14T13:43:39","slug":"kontakt","status":"publish","type":"page","link":"https:\/\/www.pasodoble.de\/leicht\/kontakt\/","title":{"rendered":"Kontakt"},"content":{"rendered":"<div id=\"pasodoble-readspeaker-72048\"><div class=\"wpb-content-wrapper\"><p>[vc_row type=&#8221;container&#8221;][vc_column]<div id=\"readspeaker_button1\" class=\"rs_skip rsbtn rs_preserve\"><a rel=\"nofollow\" class=\"rsbtn_play\" accesskey=\"L\" title=\"Um den Text anzuh\u00f6ren, verwenden Sie bitte ReadSpeaker\" href=\"https:\/\/app-eu.readspeaker.com\/cgi-bin\/rsent?customerid=8650&amp;lang=de_de&amp;readid=pasodoble-readspeaker-72048&amp;url=https%3A%2F%2Fwww.pasodoble.de%2Fleicht%2Fkontakt%2F\">  <span class=\"rsbtn_left rsimg rspart\"><span class=\"rsbtn_text\"><span>Vorlesen<\/span><\/span><\/span>  <span class=\"rsbtn_right rsimg rsplay rspart\"><\/span><\/a><\/div>[\/vc_column][\/vc_row][vc_row type=&#8221;container&#8221;][vc_column][vc_column_text]<\/p>\n<h2><strong>So erreichen Sie uns:<\/strong><\/h2>\n<p>Telefon: (03528) 431 \u2013 22 22<\/p>\n<p>Fax: (03528) 431 &#8211; 24 62<\/p>\n<p>E-Mail: <span id=\"eeb-636898\"><a class=\"mailto-link\" href=\"mailto:hallo@pasodoble.de\">hallo@pasodoble.de<\/a><\/span><\/p>\n<p>&nbsp;<\/p>\n<p><strong>Unsere Anschrift:<\/strong><\/p>\n<p>paso doble gGmbH<br \/>\nWachauer Stra\u00dfe 30<br \/>\n01454 Radeberg[\/vc_column_text][\/vc_column][\/vc_row][vc_row type=&#8221;container&#8221; padding_top=&#8221;&#8221; padding_bottom=&#8221;&#8221; css=&#8221;.vc_custom_1448451830391{margin-bottom: 15px !important;}&#8221;][vc_column][vc_separator color=&#8221;#eeeeee&#8221; type=&#8221;normal&#8221; thickness=&#8221;1&#8243; up=&#8221;&#8221; down=&#8221;&#8221; style=&#8221;&#8221; el_width=&#8221;&#8221;][\/vc_column][\/vc_row]<\/p>\n<\/div><\/div>","protected":false},"excerpt":{"rendered":"<p>[vc_row type=&#8221;container&#8221;][vc_column][\/vc_column][\/vc_row][vc_row type=&#8221;container&#8221;][vc_column][vc_column_text] So erreichen Sie uns: Telefon: (03528) 431 \u2013 22 22 Fax: (03528) 431 &#8211; 24 62 E-Mail: hallo@pasodoble.de &nbsp; Unsere Anschrift: paso doble gGmbH Wachauer Stra\u00dfe 30 01454 Radeberg[\/vc_column_text][\/vc_column][\/vc_row][vc_row type=&#8221;container&#8221; padding_top=&#8221;&#8221; padding_bottom=&#8221;&#8221; css=&#8221;.vc_custom_1448451830391{margin-bottom: 15px !important;}&#8221;][vc_column][vc_separator color=&#8221;#eeeeee&#8221; type=&#8221;normal&#8221; thickness=&#8221;1&#8243; up=&#8221;&#8221; down=&#8221;&#8221; style=&#8221;&#8221; el_width=&#8221;&#8221;][\/vc_column][\/vc_row]<\/p>\n","protected":false},"author":1,"featured_media":72862,"parent":0,"menu_order":0,"comment_status":"closed","ping_status":"closed","template":"page-full-width.php","meta":{"_acf_changed":false,"footnotes":""},"class_list":["post-72048","page","type-page","status-publish","has-post-thumbnail","hentry"],"acf":[],"yoast_head":"<!-- This site is optimized with the Yoast SEO plugin v27.2 - https:\/\/yoast.com\/product\/yoast-seo-wordpress\/ -->\n<title>Kontakt - paso doble %<\/title>\n<meta name=\"robots\" content=\"index, follow, max-snippet:-1, max-image-preview:large, max-video-preview:-1\" \/>\n<link rel=\"canonical\" href=\"https:\/\/www.pasodoble.de\/leicht\/kontakt\/\" \/>\n<meta property=\"og:locale\" content=\"de_DE\" \/>\n<meta property=\"og:type\" content=\"article\" \/>\n<meta property=\"og:title\" content=\"Kontakt - paso doble %\" \/>\n<meta property=\"og:description\" content=\"[vc_row type=&#8221;container&#8221;][vc_column][\/vc_column][\/vc_row][vc_row type=&#8221;container&#8221;][vc_column][vc_column_text] So erreichen Sie uns: Telefon: (03528) 431 \u2013 22 22 Fax: (03528) 431 &#8211; 24 62 E-Mail: hallo@pasodoble.de &nbsp; Unsere Anschrift: paso doble gGmbH Wachauer Stra\u00dfe 30 01454 Radeberg[\/vc_column_text][\/vc_column][\/vc_row][vc_row type=&#8221;container&#8221; padding_top=&#8221;&#8221; padding_bottom=&#8221;&#8221; css=&#8221;.vc_custom_1448451830391{margin-bottom: 15px !important;}&#8221;][vc_column][vc_separator color=&#8221;#eeeeee&#8221; type=&#8221;normal&#8221; thickness=&#8221;1&#8243; up=&#8221;&#8221; down=&#8221;&#8221; style=&#8221;&#8221; el_width=&#8221;&#8221;][\/vc_column][\/vc_row]\" \/>\n<meta property=\"og:url\" content=\"https:\/\/www.pasodoble.de\/leicht\/kontakt\/\" \/>\n<meta property=\"og:site_name\" content=\"paso doble\" \/>\n<meta property=\"article:modified_time\" content=\"2025-11-14T13:43:39+00:00\" \/>\n<meta property=\"og:image\" content=\"https:\/\/www.pasodoble.de\/wp-content\/uploads\/Kopfzeile_Kontakt_Leichte-Sprache_1200x500.png\" \/>\n\t<meta property=\"og:image:width\" content=\"1200\" \/>\n\t<meta property=\"og:image:height\" content=\"500\" \/>\n\t<meta property=\"og:image:type\" content=\"image\/png\" \/>\n<meta name=\"twitter:card\" content=\"summary_large_image\" \/>\n<meta name=\"twitter:label1\" content=\"Est. reading time\" \/>\n\t<meta name=\"twitter:data1\" content=\"1 minute\" \/>\n<script type=\"application\/ld+json\" class=\"yoast-schema-graph\">{\"@context\":\"https:\/\/schema.org\",\"@graph\":[{\"@type\":\"WebPage\",\"@id\":\"https:\/\/www.pasodoble.de\/leicht\/kontakt\/\",\"url\":\"https:\/\/www.pasodoble.de\/leicht\/kontakt\/\",\"name\":\"Kontakt - paso doble %\",\"isPartOf\":{\"@id\":\"https:\/\/www.pasodoble.de\/#website\"},\"primaryImageOfPage\":{\"@id\":\"https:\/\/www.pasodoble.de\/leicht\/kontakt\/#primaryimage\"},\"image\":{\"@id\":\"https:\/\/www.pasodoble.de\/leicht\/kontakt\/#primaryimage\"},\"thumbnailUrl\":\"https:\/\/www.pasodoble.de\/wp-content\/uploads\/Kopfzeile_Kontakt_Leichte-Sprache_1200x500.png\",\"datePublished\":\"2015-10-07T17:11:24+00:00\",\"dateModified\":\"2025-11-14T13:43:39+00:00\",\"breadcrumb\":{\"@id\":\"https:\/\/www.pasodoble.de\/leicht\/kontakt\/#breadcrumb\"},\"inLanguage\":\"de-LEICHT\",\"potentialAction\":[{\"@type\":\"ReadAction\",\"target\":[\"https:\/\/www.pasodoble.de\/leicht\/kontakt\/\"]}]},{\"@type\":\"ImageObject\",\"inLanguage\":\"de-LEICHT\",\"@id\":\"https:\/\/www.pasodoble.de\/leicht\/kontakt\/#primaryimage\",\"url\":\"https:\/\/www.pasodoble.de\/wp-content\/uploads\/Kopfzeile_Kontakt_Leichte-Sprache_1200x500.png\",\"contentUrl\":\"https:\/\/www.pasodoble.de\/wp-content\/uploads\/Kopfzeile_Kontakt_Leichte-Sprache_1200x500.png\",\"width\":1200,\"height\":500,\"caption\":\"Zeichen f\u00fcr Leichte Sprache, daneben roter Hintergrund, weisses Symbol W\u00fcrfel mit Brief, Telefonh\u00f6rer und @-Zeichen\"},{\"@type\":\"BreadcrumbList\",\"@id\":\"https:\/\/www.pasodoble.de\/leicht\/kontakt\/#breadcrumb\",\"itemListElement\":[{\"@type\":\"ListItem\",\"position\":1,\"name\":\"Start\",\"item\":\"https:\/\/www.pasodoble.de\/leicht\/\"},{\"@type\":\"ListItem\",\"position\":2,\"name\":\"Kontakt\"}]},{\"@type\":\"WebSite\",\"@id\":\"https:\/\/www.pasodoble.de\/#website\",\"url\":\"https:\/\/www.pasodoble.de\/\",\"name\":\"paso doble\",\"description\":\"Inklusionsunternehmen\",\"potentialAction\":[{\"@type\":\"SearchAction\",\"target\":{\"@type\":\"EntryPoint\",\"urlTemplate\":\"https:\/\/www.pasodoble.de\/?s={search_term_string}\"},\"query-input\":{\"@type\":\"PropertyValueSpecification\",\"valueRequired\":true,\"valueName\":\"search_term_string\"}}],\"inLanguage\":\"de-LEICHT\"}]}<\/script>\n<!-- \/ Yoast SEO plugin. -->","yoast_head_json":{"title":"Kontakt - paso doble %","robots":{"index":"index","follow":"follow","max-snippet":"max-snippet:-1","max-image-preview":"max-image-preview:large","max-video-preview":"max-video-preview:-1"},"canonical":"https:\/\/www.pasodoble.de\/leicht\/kontakt\/","og_locale":"de_DE","og_type":"article","og_title":"Kontakt - paso doble %","og_description":"[vc_row type=&#8221;container&#8221;][vc_column][\/vc_column][\/vc_row][vc_row type=&#8221;container&#8221;][vc_column][vc_column_text] So erreichen Sie uns: Telefon: (03528) 431 \u2013 22 22 Fax: (03528) 431 &#8211; 24 62 E-Mail: hallo@pasodoble.de &nbsp; Unsere Anschrift: paso doble gGmbH Wachauer Stra\u00dfe 30 01454 Radeberg[\/vc_column_text][\/vc_column][\/vc_row][vc_row type=&#8221;container&#8221; padding_top=&#8221;&#8221; padding_bottom=&#8221;&#8221; css=&#8221;.vc_custom_1448451830391{margin-bottom: 15px !important;}&#8221;][vc_column][vc_separator color=&#8221;#eeeeee&#8221; type=&#8221;normal&#8221; thickness=&#8221;1&#8243; up=&#8221;&#8221; down=&#8221;&#8221; style=&#8221;&#8221; el_width=&#8221;&#8221;][\/vc_column][\/vc_row]","og_url":"https:\/\/www.pasodoble.de\/leicht\/kontakt\/","og_site_name":"paso doble","article_modified_time":"2025-11-14T13:43:39+00:00","og_image":[{"width":1200,"height":500,"url":"https:\/\/www.pasodoble.de\/wp-content\/uploads\/Kopfzeile_Kontakt_Leichte-Sprache_1200x500.png","type":"image\/png"}],"twitter_card":"summary_large_image","twitter_misc":{"Est. reading time":"1 minute"},"schema":{"@context":"https:\/\/schema.org","@graph":[{"@type":"WebPage","@id":"https:\/\/www.pasodoble.de\/leicht\/kontakt\/","url":"https:\/\/www.pasodoble.de\/leicht\/kontakt\/","name":"Kontakt - paso doble %","isPartOf":{"@id":"https:\/\/www.pasodoble.de\/#website"},"primaryImageOfPage":{"@id":"https:\/\/www.pasodoble.de\/leicht\/kontakt\/#primaryimage"},"image":{"@id":"https:\/\/www.pasodoble.de\/leicht\/kontakt\/#primaryimage"},"thumbnailUrl":"https:\/\/www.pasodoble.de\/wp-content\/uploads\/Kopfzeile_Kontakt_Leichte-Sprache_1200x500.png","datePublished":"2015-10-07T17:11:24+00:00","dateModified":"2025-11-14T13:43:39+00:00","breadcrumb":{"@id":"https:\/\/www.pasodoble.de\/leicht\/kontakt\/#breadcrumb"},"inLanguage":"de-LEICHT","potentialAction":[{"@type":"ReadAction","target":["https:\/\/www.pasodoble.de\/leicht\/kontakt\/"]}]},{"@type":"ImageObject","inLanguage":"de-LEICHT","@id":"https:\/\/www.pasodoble.de\/leicht\/kontakt\/#primaryimage","url":"https:\/\/www.pasodoble.de\/wp-content\/uploads\/Kopfzeile_Kontakt_Leichte-Sprache_1200x500.png","contentUrl":"https:\/\/www.pasodoble.de\/wp-content\/uploads\/Kopfzeile_Kontakt_Leichte-Sprache_1200x500.png","width":1200,"height":500,"caption":"Zeichen f\u00fcr Leichte Sprache, daneben roter Hintergrund, weisses Symbol W\u00fcrfel mit Brief, Telefonh\u00f6rer und @-Zeichen"},{"@type":"BreadcrumbList","@id":"https:\/\/www.pasodoble.de\/leicht\/kontakt\/#breadcrumb","itemListElement":[{"@type":"ListItem","position":1,"name":"Start","item":"https:\/\/www.pasodoble.de\/leicht\/"},{"@type":"ListItem","position":2,"name":"Kontakt"}]},{"@type":"WebSite","@id":"https:\/\/www.pasodoble.de\/#website","url":"https:\/\/www.pasodoble.de\/","name":"paso doble","description":"Inklusionsunternehmen","potentialAction":[{"@type":"SearchAction","target":{"@type":"EntryPoint","urlTemplate":"https:\/\/www.pasodoble.de\/?s={search_term_string}"},"query-input":{"@type":"PropertyValueSpecification","valueRequired":true,"valueName":"search_term_string"}}],"inLanguage":"de-LEICHT"}]}},"publishpress_future_action":{"enabled":false,"date":"2026-04-23 16:44:17","action":"change-status","newStatus":"draft","terms":[],"taxonomy":"translation_priority","extraData":[]},"publishpress_future_workflow_manual_trigger":{"enabledWorkflows":[]},"_links":{"self":[{"href":"https:\/\/www.pasodoble.de\/leicht\/wp-json\/wp\/v2\/pages\/72048","targetHints":{"allow":["GET"]}}],"collection":[{"href":"https:\/\/www.pasodoble.de\/leicht\/wp-json\/wp\/v2\/pages"}],"about":[{"href":"https:\/\/www.pasodoble.de\/leicht\/wp-json\/wp\/v2\/types\/page"}],"author":[{"embeddable":true,"href":"https:\/\/www.pasodoble.de\/leicht\/wp-json\/wp\/v2\/users\/1"}],"replies":[{"embeddable":true,"href":"https:\/\/www.pasodoble.de\/leicht\/wp-json\/wp\/v2\/comments?post=72048"}],"version-history":[{"count":11,"href":"https:\/\/www.pasodoble.de\/leicht\/wp-json\/wp\/v2\/pages\/72048\/revisions"}],"predecessor-version":[{"id":75600,"href":"https:\/\/www.pasodoble.de\/leicht\/wp-json\/wp\/v2\/pages\/72048\/revisions\/75600"}],"wp:featuredmedia":[{"embeddable":true,"href":"https:\/\/www.pasodoble.de\/leicht\/wp-json\/wp\/v2\/media\/72862"}],"wp:attachment":[{"href":"https:\/\/www.pasodoble.de\/leicht\/wp-json\/wp\/v2\/media?parent=72048"}],"curies":[{"name":"wp","href":"https:\/\/api.w.org\/{rel}","templated":true}]}}